s. What is the units digit of b?
1
Let x(s) be the first derivative of 2*s**2 - 5 + 1/3*s**3 - 54*s. What is the tens digit of x(-16)?
3
Let a(y) = -y**3 + 7*y**2 - 5*y + 5. Suppose -5*w = o - 2*o + 183, 60 = -2*w - 4*o. Let s = w - -41. What is the tens digit of a(s)?
3
Let u = -45 - 83. Let v = u - -237. Let a = v + -54. What is the units digit of a?
5
Let y be (0 - 4) + 1 - -17. Let q(r) = -4 - 16*r + 7*r - y*r + 3*r**2. What is the tens digit of q(11)?
0
What is the thousands digit of (-5)/(111/(-42) + 1/7) - -4724?
4
Let v(h) = -4882*h**3 + h**2 + 2*h - 1. Let b be v(-1). Suppose -4*x - 16*x + b = 0. What is the tens digit of x?
4
Let g be (-5)/((-15)/(-9)) - -5. Let z(h) = h**2 - 7*h + 10. Let k be z(g). Suppose 4*n - 2*n - 126 = k. What is the units digit of n?
3
Let j = 370 - 83. Let p be 137*1*(0 - 1). Let h = p + j. What is the units digit of h?
0
Suppose 182*n - 187*n + 19085 = 0. What is the tens digit of n?
1
Let d(n) = 4*n**2 + 14*n + 6. Let m(w) = 12 + 5*w**2 - 11 + 16*w - w + 5. Let f(p) = -4*d(p) + 3*m(p). What is the tens digit of f(-8)?
1
Suppose 3*k + 2*y = -2*y + 1214, -5*k - 2*y = -2028. Let b = 439 - k. What is the units digit of b?
3
Suppose 80*p - 208666 = -111703 + 690637. What is the units digit of p?
5
Let f = 10612 + 2571. What is the thousands digit of f?
3
Let a(b) = b**2 - 43*b. Let q be a(43). Suppose q = -g + 107 + 242. What is the units digit of g?
9
Suppose -9*v + 31997 + 23038 = 0. Suppose -7*u + 1424 = -v. What is the thousands digit of u?
1
Suppose r + g = 12 + 102, 432 = 4*r - 4*g. Let m = r - 114. What is the tens digit of (m/(-3))/(530/525 - 1)?
0
Let u(g) = -g - 11. Let n be u(-17). Let v(f) = 7*f**2 + 12. What is the units digit of v(n)?
4
Let j be 49/(-2) + 7/((-28)/6). Let u = j - -65. Suppose -2*s + g + 51 = -39, s - 2*g - u = 0. What is the tens digit of s?
4
Let y(g) = 185*g - 31. Let f be y(3). Suppose 5*v - 4*l = 1328, -2*l - f = -2*v - 4*l. What is the units digit of v?
4
Let n = -275 + 285. Let r = 964 + n. What is the hundreds digit of r?
9
Suppose 0 = 337*g - 4676260 - 1615193. What is the ten thousands digit of g?
1
Let l = 1036 + -591. Suppose -3*u + l - 70 = 0. Suppose -2*v + b + 61 + 162 = 0, 4*b = -v + u. What is the units digit of v?
3
Suppose -10*n + 9829 + 24919 = -49132. What is the thousands digit of n?
8
Let q be -41 - 5*(3 - 4). Let z = 531 + q. What is the units digit of z?
5
Let b be (-4383)/(-10)*-2 - 64/160. Let h = b + 1545. What is the units digit of h?
8
What is the thousands digit of 4798 - 7 - 9/(9/(-5))?
4
Suppose 3*t + 2*h = 22746, 2*t + 5*h = -2*t + 30314. What is the units digit of t?
6
Let d = 29095 - 14690. What is the units digit of d?
5
Let i(b) = -6*b**3 + 7*b + 6. Let v be i(-1). What is the units digit of (1 - v) + 1/(1/298)?
4
Let c(g) = -g**3 + 11*g**2 + 9*g + 22. Let w be (-61)/(-7) - 6/(-21). What is the units digit of c(w)?
5
Let c be 102/27 - ((-8)/36)/1. What is the units digit of 4*(275/c + -1) + -4?
7
Suppose 0 = 11*u - 17*u + 180. Let m(k) = 8*k - k + u + 0*k - 6*k. What is the tens digit of m(11)?
4
Suppose -5*d - 37 = 13. Let q be d/(-45) - (-266)/18. Let j = q + 46. What is the units digit of j?
1
Let w = -164 - -737. Suppose w*p + 2799 = 576*p. What is the tens digit of p?
3
What is the tens digit of (-170)/(((-7 - 0)/420)/((-12)/(-30)))?
8
Let z(j) be the first derivative of -j**4/4 + 14*j**3/3 - 5*j**2 - 16*j + 20. What is the hundreds digit of z(8)?
2
Let k be ((-8)/10)/(2/(-60)). Let z = -97 + 108. Let p = z + k. What is the units digit of p?
5
Let n(z) = -z**2 - z - 1. Let v(l) = -10*l**3 + l**2 + 5*l + 3. Let y(b) = 3*n(b) + v(b). What is the units digit of y(-2)?
8
Let p(r) = r**2 + 9*r - 4. Let c be p(-10). Suppose c*m - m = -40. Let x(i) = -i**2 - 20*i - 5. What is the tens digit of x(m)?
9
Suppose -40 = -40*d + 45*d. What is the tens digit of (-2)/(-2) + d + 114 + 3?
1
What is the hundreds digit of (-6)/(-8) - (59343/(-12) - 12)?
9
Suppose -c - 12*c = -65. Suppose -800 = -c*t + 5*n, -15*n - 634 = -4*t - 13*n. What is the units digit of t?
7
Let t be (-4)/1 + (-379)/(-1). Suppose -7*a = t - 2713. Let n = 595 - a. What is the hundreds digit of n?
2
Let d = 2524 + -1436. Suppose k = -3*t + 2102, -t + d = 2*k + 389. What is the units digit of t?
1
What is the units digit of ((-2268)/45)/((-8)/560)?
8
Suppose 5*c = -5*p + 81605, 5*c + 1030*p - 81515 = 1035*p. What is the ten thousands digit of c?
1
Let i = -912 + 4369. What is the thousands digit of i?
3
Suppose 0 = -y + 5*k + 52544, 492*y - 489*y - 3*k = 157716. What is the ten thousands digit of y?
5
What is the thousands digit of (-146059)/(-6) - 11/((-1320)/100)?
4
Suppose 3*y + 860 = 5306. Suppose -y = 6*x - 4686. What is the hundreds digit of x?
5
Let p be (-52)/(-10) + 4*(-1)/20. Suppose -h - p*o = 7 - 440, -5 = o. What is the hundreds digit of h?
4
Let w(v) = 4*v**2 + 54*v + 924. What is the units digit of w(-45)?
4
Let c(t) = 88*t + 958. What is the thousands digit of c(40)?
4
Let h(m) = 5*m**2 - 11*m - 6. Let z = -48 + 54. Let x be h(z). What is the units digit of 2 - (1 - 3 - x)?
2
Let w(a) = a**3 - 16*a**2 - 4*a + 56. Let r be w(16). Suppose 0 = 2*u - 0*u + 10. What is the tens digit of r/4 - (-3 - u - 97)?
9
Suppose -25316 = -28*x + 125100. What is the tens digit of x?
7
Let r = 2 - -5. Let a be (-39)/104 + 2070/16. Suppose -r*i = -333 - a. What is the tens digit of i?
6
Let a = -14 + -3. Let s(y) = y**3 + 18*y**2 + 3*y - 25. Let f be s(a). Suppose n = 2*n - f. What is the hundreds digit of n?
2
Let b(p) = -2242*p**3 - 10*p + 23*p**2 - 3*p**2 + 2241*p**3 + 14. What is the tens digit of b(17)?
1
Let m be (2 + 0)/(-2)*-36. Let c(d) = -6*d**3 - 3*d**2 - 5*d - 4. Let o be c(-1). Suppose i - o*i - 3 = 0, -3*w - 3*i = -m. What is the units digit of w?
3
Let c(l) be the second derivative of 53*l**3/2 - 3*l**2 + 6*l. Let g be c(2). Suppose -2*s + g = 4*s. What is the units digit of s?
2
Let p = 71 + -68. Let t(b) = 2*b - 3 - 10*b**3 + 11*b**p + b + 5*b**2. What is the tens digit of t(4)?
5
Suppose 5*r = v + 7, -2*v + 5*r - 22 = -6*v. Suppose -5*p + p + v*b = -2118, -5*p + 2*b = -2644. What is the tens digit of p?
2
Let w(l) = -l + 5. Let c(d) = 5*d - 37. Let r be c(7). Let b(z) = 11*z - 3. Let g be b(r). What is the units digit of w(g)?
0
Let p be (-1 - -1)/((-33)/(-11)). Suppose p = -8*w + 16*w. Suppose 4*l + 16 = w, 0*k = -k - l + 67. What is the tens digit of k?
7
Let f(u) = 8*u - 9. Suppose 5*a + 5*z - 150 = 0, 3*z - 125 = -4*a - 9. Let q = 34 - a. What is the units digit of f(q)?
5
Suppose -21335 = 81*h - 926510. What is the units digit of h?
5
Let l(v) = -3*v**2 - 11*v + 6. Let k be l(-4). Suppose -k*o + 40 = 8*o. Let w = o - -37. What is the units digit of w?
1
Let d be -3*(-25)/(-15) - -7. Suppose t - g = 2*g + 298, -2*g = -d*t + 580. Suppose -4*r + t = -r + 2*u, 3*u - 477 = -5*r. What is the tens digit of r?
9
Let h = -1130 + 4983. What is the units digit of h?
3
Suppose 10*s - 8*s - 60 = 0. Suppose 0 = -48*f + 50*f - s. Suppose -5*o = f, 165 = 3*y - o + 9. What is the units digit of y?
1
Let f(o) = 721 - 248 - 303 - 3*o. What is the hundreds digit of f(0)?
1
Let v(r) = -92*r - 31. Suppose 4*z - 4 = -2*j, -2*j + 8 = -8*z + 13*z. What is the tens digit of v(j)?
2
Let l(w) = 9*w + 27. Let d(j) = 12*j + 27. Let m(a) = -49*a - 108. Let o(v) = 9*d(v) + 2*m(v). Let n(p) = -6*l(p) + 5*o(p). What is the units digit of n(-9)?
9
What is the ten thousands digit of (77/(-2))/((-181)/47784)?
1
Suppose 0*i - 3*i = 3*b + 12, -3*i = 0. What is the hundreds digit of 2724/20 + b/20?
1
Suppose -206272 - 84917 = -9*h + 21921. What is the ten thousands digit of h?
3
Let m(d) = 6*d - 2. Let t be m(2). Suppose -t*o = -19*o + 117. Suppose 2*b = 2*p - 4, -3*b + o = 2*p + 4. What is the units digit of b?
1
Suppose 3*a - 13*l + 14*l = -6, -4*l = 3*a + 6. What is the tens digit of (-1 + a + -9)*(-297)/22?
6
Let o(m) = -6 - 3*m - 9 + 2*m**2 + 8*m. Let i be (-20)/(-15) + (-84)/9 + 0. What is the units digit of o(i)?
3
What is the tens digit of (-330 + -2)/(-11 + (-795)/(-75))?
3
Let y(p) = 4 - 2 + 2*p**2 + 3*p**2 - 14*p - 4*p**2. Let w be y(14). What is the units digit of (w - -127)*10/15?
6
Let u(x) = 2*x**3 - x**2 - x - 1. Let y(q) = 6*q**3 - 3*q. Let f(b) = 2*u(b) - y(b). Suppose -10 - 2 = 4*k. Wh